he thousands digit of 2863?
2
What is the tens digit of 3997?
9
What is the hundreds digit of 11844?
8
What is the thousands digit of 1652?
1
What is the units digit of 1539?
9
What is the units digit of 1701?
1
What is the units digit of 927?
7
What is the hundreds digit of 41439?
4
What is the hundreds digit of 79288?
2
What is the hundreds digit of 47534?
5
What is the thousands digit of 11450?
1
What is the units digit of 2466?
6
What is the units digit of 27341?
1
What is the hundreds digit of 56212?
2
What is the units digit of 1739?
9
What is the thousands digit of 1668?
1
What is the units digit of 516?
6
What is the units digit of 10160?
0
What is the hundreds digit of 12237?
2
What is the hundreds digit of 2012?
0
What is the hundreds digit of 57830?
8
What is the tens digit of 558?
5
What is the hundreds digit of 17691?
6
What is the hundreds digit of 1519?
5
What is the units digit of 4534?
4
What is the tens digit of 60086?
8
What is the hundreds digit of 49997?
9
What is the tens digit of 2304?
0
What is the tens digit of 3031?
3
What is the hundreds digit of 3178?
1
What is the units digit of 558?
8
What is the thousands digit of 16844?
6
What is the units digit of 39?
9
What is the hundreds digit of 6624?
6
What is the hundreds digit of 322?
3
What is the hundreds digit of 2206?
2
What is the units digit of 1819?
9
What is the hundreds digit of 8361?
3
What is the hundreds digit of 5800?
8
What is the units digit of 570?
0
What is the tens digit of 43269?
6
What is the thousands digit of 30166?
0
What is the hundreds digit of 14201?
2
What is the tens digit of 810?
1
What is the hundreds digit of 5729?
7
What is the thousands digit of 70950?
0
What is the tens digit of 5133?
3
What is the hundreds digit of 1563?
5
What is the thousands digit of 11708?
1
What is the thousands digit of 4816?
4
What is the hundreds digit of 14470?
4
What is the ten thousands digit of 58384?
5
What is the hundreds digit of 25024?
0
What is the ten thousands digit of 11072?
1
What is the tens digit of 2595?
9
What is the hundreds digit of 486?
4
What is the units digit of 43588?
8
What is the tens digit of 29411?
1
What is the hundreds digit of 6810?
8
What is the units digit of 5366?
6
What is the thousands digit of 1126?
1
What is the units digit of 69725?
5
What is the thousands digit of 34908?
4
What is the thousands digit of 5754?
5
What is the thousands digit of 37222?
7
What is the thousands digit of 1658?
1
What is the units digit of 1230?
0
What is the tens digit of 6529?
2
What is the hundreds digit of 9096?
0
What is the units digit of 47902?
2
What is the ten thousands digit of 81125?
8
What is the units digit of 265?
5
What is the ten thousands digit of 33044?
3
What is the thousands digit of 3959?
3
What is the thousands digit of 2614?
2
What is the ten thousands digit of 29652?
2
What is the tens digit of 72613?
1
What is the tens digit of 85786?
8
What is the units digit of 2413?
3
What is the tens digit of 823?
2
What is the tens digit of 2611?
1
What is the tens digit of 3540?
4
What is the thousands digit of 35955?
5
What is the tens digit of 864?
6
What is the units digit of 17331?
1
What is the hundreds digit of 1420?
4
What is the hundreds digit of 1403?
4
What is the units digit of 531?
1
What is the thousands digit of 2698?
2
What is the tens digit of 274?
7
What is the hundreds digit of 6942?
9
What is the ten thousands digit of 121878?
2
What is the thousands digit of 1076?
1
What is the hundreds digit of 1289?
2
What is the tens digit of 8339?
3
What is the thousands digit of 3489?
3
What is the thousands digit of 4359?
4
What is the thousands digit of 2194?
2
What is the hundreds digit of 17272?
2
What is the tens digit of 81638?
3
What is the units digit of 26396?
6
What is the thousands digit of 10708?
0
What is the thousands digit of 11927?
1
What is the units digit of 200876?
6
What is the hundreds digit of 2807?
8
What is the thousands digit of 10049?
0
What is the hundreds digit of 4978?
9
What is the tens digit of 2441?
4
What is the thousands digit of 106613?
6
What is the thousands digit of 1736?
1
What is the hundreds digit of 14218?
2
What is the units digit of 12271?
1
What is the hundreds digit of 69536?
5
What is the thousands digit of 10252?
0
What is the ten thousands digit of 85401?
8
What is the units digit of 9062?
2
What is the hundreds digit of 2577?
5
What is the tens digit of 59?
5
What is the hundreds digit of 4791?
7
What is the hundreds digit of 61156?
1
What is the units digit of 10774?
4
What is the hundreds digit of 4344?
3
What is the hundreds digit of 10858?
8
What is the hundreds digit of 590?
5
What is the tens digit of 78?
7
What is the hundreds digit of 4505?
5
What is the tens digit of 1550?
5
What is the tens digit of 2385?
8
What is the units digit of 12243?
3
What is the hundreds digit of 6303?
3
What is the hundreds digit of 2128?
1
What is the thousands digit of 1397?
1
What is the thousands digit of 3601?
3
What is the hundreds digit of 2617?
6
What is the units digit of 1309?
9
What is the hundreds digit of 493?
4
What is the thousands digit of 3015?
3
What is the tens digit of 4643?
4
What is the ten thousands digit of 17248?
1
What is the hundreds digit of 1386?
3
What is the hundreds digit of 34145?
1
What is the thousands digit of 57895?
7
What is the thousands digit of 8240?
8
What is the units digit of 2866?
6
What is the hundreds digit of 49147?
1
What is the hundreds digit of 2836?
8
What is the hundreds digit of 45285?
2
What is the tens digit of 598?
9
What is the units digit of 270?
0
What is the hundreds digit of 7794?
7
What is the units digit of 367?
7
What is the hundreds digit of 793?
7
What is the hundreds digit of 4253?
2
What is the units digit of 9777?
7
What is the tens digit of 1057?
5
What is the hundreds digit of 578?
5
What is the thousands digit of 6438?
6
What is the units digit of 12762?
2
What is the tens digit of 907?
0
What is the units digit of 1737?
7
What is the hundreds digit of 184211?
2
What is the hundreds digit of 795?
7
What is the thousands digit of 1601?
1
What is the thousands digit of 1716?
1
What is the thousands digit of 14778?
4
What is the hundreds digit of 1054?
0
What is the hundreds digit of 8269?
2
What is the thousands digit of 16743?
6
What is the ten thousands digit of 53166?
5
What is the ten thousands digit of 18292?
1
What is the hundreds digit of 706?
7
What is the thousands digit of 23101?
3
What is the tens digit of 893?
9
What is the units digit of 240?
0
What is the ten thousands digit of 94258?
9
What is the units digit of 564?
4
What is the hundreds digit of 627?
6
What is the thousands digit of 2515?
2
What is the tens digit of 35009?
0
What is the hundreds digit of 4529?
5
What is the tens digit of 5234?
3
What is the tens digit of 9760?
6
What is the thousands digit of 3659?
3
What is the ten thousands digit of 21130?
2
What is the hundreds digit of 55462?
4
What is the units digit of 1515?
5
What is the hundreds digit of 27524?
5
What is the ten thousands digit of 19811?
1
What is the thousands digit of 14966?
4
What is the hundreds digit of 102206?
2
What is the tens digit of 2698?
9
What is the units digit of 614?
4
What is the thousands digit of 38848?
8
What is the hundreds digit of 5690?
6
What is the units digit of 29259?
9
What is the tens digit of 10994?
9
What is the tens digit of 4604?
0
What is the hundreds digit of 821?
8
What is the tens digit of 2705?
0
What is the hundreds digit of 533?
5
What is the units digit of 87?
7
What is the tens digit of 3199?
9
What is the thousands digit of 35035?
5
What is the ten thousands digit of 66575?
6
What is the ten thousands digit of 10510?
1
What is the units digit of 6254?
4
What is the hundreds digit of 3950?
9
What is the tens digit of 40227?
2
What is the tens digit of 924?
2
What is the thousands digit of 5202?
5
What is the hundreds digit of 29157?
1
What is the tens digit of 44299?
9
What is the ten thousands digit of 41192?
4
What is the hundreds digit of 7328?
3
What is the units digit of 1119?
9
What is the units digit of 3418?
8
What is the thousands digit of 2988?
2
What is the units digit of 5426?
6
What is the thousands digit of 7710?
7
Wha